*3 - 90*i**2 - 4*i - 18. What is the tens digit of h(4)?
2
Suppose 143*v - 49 = 150*v. What is the units digit of (v/14)/((-2)/1156) + 3?
2
Suppose 4*h - 5*d - 2799 = 0, -1395 = -2*h - d + 2*d. What is the hundreds digit of h?
6
Suppose -45300 = -2*t + 4*s, t - 22665 = -3*s - 0*s. What is the thousands digit of t?
2
Let m(p) = p**3 + 48*p**2 + 91*p - 32. Let v be m(-46). What is the units digit of v - 14/35*-5?
6
What is the hundreds digit of (4/(-3))/((-12992931)/(-17325252) + 6/(-8))?
9
Let a = -1199 + 2325. Suppose -2*g = 5*h - a - 706, 0 = -2*h - 4. What is the units digit of g?
1
Let q = -218 - -148. Let g = 546 - q. What is the hundreds digit of g?
6
Let b = -2001 - -4678. Suppose b = 20*s - 17323. What is the units digit of s?
0
Let q(w) = -3*w**2 + 13*w**2 - 11*w**2. Let g(v) = 4*v**2 + 14*v - 11. Let i(z) = -g(z) - 6*q(z). What is the units digit of i(10)?
1
Let c = 1046 - -1275. What is the hundreds digit of c?
3
Let l be -2 + 4 + (-2275)/(-7). Let v = l - 133. What is the hundreds digit of v?
1
Let h(q) = 16*q**2 - 11*q + 122. Suppose -3*v + 192 = 21*v. What is the units digit of h(v)?
8
Let w(k) = -4*k**2 + 42. Let x be w(0). Let h = x - 35. Suppose 6*c = h*c - 137. What is the tens digit of c?
3
What is the hundreds digit of 15637 - 83 - (3 - -10)?
5
Let x(j) = 3*j**3 + j**2 + j - 14. Let n = 186 + -182. What is the hundreds digit of x(n)?
1
Suppose -189810 = -28*t - 29*t. What is the thousands digit of t?
3
What is the tens digit of (-1)/(1 + 62688/(-62680))?
3
Let q = -33 - -30. Let b(x) = -20*x + 7. Let j be b(q). What is the units digit of -2 + (j - (0 + -3))?
8
What is the units digit of (84/378)/((3/3)/(1072098/4))?
1
What is the units digit of ((-3)/2)/(75/(-100) - (-58214)/77624)?
9
What is the units digit of 2936*(-1*6 + 324/48)?
2
Suppose -3 = -k - 0*k + 5*o, -3*k + 4*o + 9 = 0. Let y(x) = -x**3 + 3*x**2 + x + 5. Let d be y(k). Suppose -2*n - 1056 = -d*n. What is the tens digit of n?
7
Let b(d) = 19*d - 243. Let a(u) = 2*u - 3. Let n(z) = 4*a(z) + b(z). What is the tens digit of n(22)?
3
Let u(y) = 39*y**2 + 6*y. What is the hundreds digit of u(-8)?
4
Suppose 12*s - s = 114677 + 71344. What is the tens digit of s?
1
Let q be ((-9)/(-6))/(-6*(-10)/80). Suppose -2*n - 4*g - 76 = -6*n, 0 = n - 3*g - 17. What is the units digit of n*q*(7 - 5)?
0
Let p = 615 + -352. Let b = p + 57. What is the units digit of b?
0
Let v be (2/(-6))/((-1)/3) - 0. Suppose -y = -4 + v. Suppose -2*k = -y*z - 5, 4 = 2*k - z - 7. What is the units digit of k?
7
Let y = 4029 + 4361. What is the hundreds digit of y?
3
Let k(a) = 190*a**2 + 8*a - 16. Let q = -281 - -283. What is the hundreds digit of k(q)?
7
Let t(j) = 2*j - 22. Let l be t(10). Let g be (-243)/45*(2 - 32/6). Let i = l + g. What is the units digit of i?
6
Let s be 62/(693/(-225) - -3). What is the tens digit of -9*(s/5 + 2)?
7
Suppose -4*v - 9*v = -520. Let o(m) = -m**3 - 7*m**2 + 4*m + 4. Let a be o(-8). Let b = a + v. What is the units digit of b?
6
Let y(o) = -2*o**2 - 22*o - 33. Let c be y(-9). What is the tens digit of c + (-1172)/(4 + -8)?
9
Suppose 6*y = -4*y - 80. What is the units digit of 3 + 401*(-16)/y?
5
Let q be (-220)/3*1/5*-18. Let k = 360 - q. What is the units digit of k?
6
Let q be (-2)/10 + 1134/45. Let j = 54 - 49. Suppose 0 = j*t - w - 550, -5*w = -0*w + q. What is the units digit of t?
9
Suppose -90944 = -5*n + o, -2*n + 14976 = -3*o - 21399. What is the units digit of n?
9
Suppose 7*o = -184 + 821. Suppose -p - 73 - o = 0. Let c = p + 278. What is the units digit of c?
4
Let n(a) = 30*a - 86. Let i be n(3). Suppose -3*u + 892 = -i*z - 775, -u = 4*z - 545. What is the units digit of u?
3
Suppose 483879 - 93240 = 59*d. What is the units digit of d?
1
Let q = -590 - -692. What is the tens digit of 17/q - 1853/(-6)?
0
What is the tens digit of (3993 + (-91)/7)*(0 - -1) + -6?
7
Let q(w) = -2*w**3 - w**2 - 3*w + 10. Let n(h) = h**3 - h - 1. Let t(r) = -3*n(r) - q(r). What is the units digit of t(-3)?
1
Let k be ((-6)/10)/(6 + (-155)/25). What is the tens digit of (4/k)/((-2)/3)*-172?
4
Suppose 195*q + 442036 = 1242196 + 7023825. What is the tens digit of q?
2
Suppose 0 = -2*g + 3*n + 65444, -2*g - 2*n - 38682 = -104146. What is the thousands digit of g?
2
Suppose -2*r = -g + 10, r + 3 = g - 3. Suppose 504 = 2*z - 2*a + 6*a, g*a + 486 = 2*z. What is the tens digit of z?
4
Suppose 2*p - 33806 = -317*v + 313*v, 4*p - 5*v - 67716 = 0. What is the tens digit of p?
1
Let v = 300 - 298. Suppose 3*s + 2970 = 5*w - v*s, 4*w = -2*s + 2376. What is the hundreds digit of w?
5
Let h = -72 - -76. Let x(c) = 30*c**2 - 5*c + 12. What is the units digit of x(h)?
2
Suppose 340 = 22*q - 27*q. Let m be q/(-6)*(3 + 24). Let h = m + -99. What is the hundreds digit of h?
2
Suppose -5*l + 655*h - 654*h + 22588 = 0, -18066 = -4*l + 3*h. What is the thousands digit of l?
4
Let o(c) = c**3 + 6*c**2 - 9*c - 14. Let t = 33 - 40. Let i be o(t). Suppose -4*l + 5*w + 324 = i, 2*l + 2*w = -l + 220. What is the tens digit of l?
7
Let x = -74398 - -106019. What is the hundreds digit of x?
6
Let t be ((-206)/(-3))/((65/(-120))/(-13)). Suppose -2*s + t = 3*f, 7*f + s + 546 = 8*f. What is the units digit of (-1)/(-3) - (f/(-12) + 2)?
4
Suppose -4*z + z = 4*g - 212, -3*z - 236 = -4*g. Suppose -4*y + g = 2*p, -y + 2*p + 13 = -1. Let u = 84 - y. What is the units digit of u?
0
What is the ten thousands digit of 7495840/120 - (-28)/42?
6
Suppose -w - w = -r + 247, 0 = -4*r - w + 1024. Suppose -a - 119 = 3*m - 2*m, -20 = 5*a. Let k = m + r. What is the units digit of k?
0
Suppose s + 2*x = 3, -s + 2*x - 1 + 4 = 0. Suppose 3369 = 5*n + 4*z, -2*n + s*n - 681 = z. What is the units digit of n?
7
Let s = -9 - -13. Suppose 0 = -s*w + 8, t + 4*w = 278 + 62. What is the units digit of t?
2
Suppose -426*u + 421*u - 4*j = -280785, 5*u - 2*j = 280785. What is the ten thousands digit of u?
5
Let g = -18636 - -28848. What is the hundreds digit of g?
2
Suppose 0 = 796*b - 794*b + q - 88723, 35 = 5*q. What is the units digit of b?
8
Let z = 84 + -74. Suppose 40 = 4*j + z*u - 5*u, 4*u - 16 = 0. Suppose 14 = m - 2*p, m - 1 = -4*p - j. What is the units digit of m?
8
Let j = -109 + 109. Suppose j*u = -4*u + 4*n + 7696, -3*n = -12. Suppose 18*r = 10*r + u. What is the tens digit of r?
4
Suppose -2*d - 7459 = 559*j - 560*j, -5*j - 5*d + 37295 = 0. What is the hundreds digit of j?
4
Let g(k) = 8*k**2 - 16*k - 428. What is the units digit of g(25)?
2
Let v(x) = 7752*x**2 + 75*x + 76. What is the tens digit of v(-1)?
5
Suppose 4*a = -c + 4148, -3*c + 5*c - 8300 = -4*a. What is the thousands digit of c?
4
Let y(b) = 15*b + 143*b - 8 - 24*b + 11*b + 47*b. What is the units digit of y(5)?
2
Let t(o) be the first derivative of 31*o**5/30 + o**4/4 + 8*o**3/3 + 45*o**2/2 - 45. Let k(h) be the second derivative of t(h). What is the tens digit of k(-2)?
5
Suppose 115 = 2*r - 395. Let c be (-138)/14 - (-6)/(-42). What is the units digit of (r/c - 3)*4/(-3)?
8
Let l(q) be the second derivative of -2*q**3 - 12*q**2 - 16*q. Let m be l(-15). Suppose -m = -33*o + 31*o. What is the tens digit of o?
7
Let i(s) = -3*s**2 - 381*s + 223. What is the ten thousands digit of i(-87)?
1
Let h(w) = -3*w**2 - 14*w + 24. Let m be h(-7). What is the units digit of (-150)/m - (-85 + -2)?
3
Suppose m + 4*m - r = 36, -2*m - 3*r + 11 = 0. What is the units digit of m/((-42)/(-1674)) + -3?
6
Let l = 24830 - 3127. What is the units digit of l?
3
What is the hundreds digit of ((-3)/(6/(-2)))/(1/(3209 + 0))?
2
Let o(a) = a - 2. Let k be o(0). Let m be (k + 2)/(6/(-2)). Suppose m = 3*u - 6*u + 5*i + 116, -5*u = 5*i - 260. What is the units digit of u?
7
Let r be 5/(-1 - 9)*-8. What is the hundreds digit of (-20)/30*(-1194)/r?
1
Let m = -8674 + 23465. What is the hundreds digit of m?
7
Let k = -8064 - -3813. What is the tens digit of k/(-8) - (27/8)/9?
3
Let l(g) = -g**3 - 3*g**2 + 8*g - 6. Let b be l(-5). What is the units digit of 16*(1 - -3)*b?
6
Let u = -14467 + 17027. What is the thousands digit of u?
2
Let j(c) = 5 - 2*c - 1 + 4 - 4. Let m be j(-10). Let v = 39 - m. What is the tens digit of v?
1
Let g be 660/2 - (-6 + 9). Let p = g + 343. What is the tens digit of p?
7
Let i be ((-110)/(-44))/(5/4). Suppose 3*c - i*u - 448 = 3888, 0 = 2*c - 2*u - 2888. What 